) to base 4
2
What is 6 (base 13) in base 16?
6
Convert 22 (base 12) to base 9.
28
-8 (base 10) to base 2
-1000
Convert -4 (base 6) to base 7.
-4
What is 21202 (base 3) in base 2?
11010001
-107 (base 9) to base 2
-1011000
2 (base 14) to base 12
2
What is 113 (base 4) in base 6?
35
What is 8b (base 15) in base 16?
83
What is -236 (base 8) in base 5?
-1113
Convert 4 (base 12) to base 15.
4
What is -2002 (base 3) in base 9?
-62
Convert 14b (base 13) to base 9.
277
Convert -10002 (base 3) to base 7.
-146
Convert -1 (base 2) to base 3.
-1
Convert 8 (base 16) to base 6.
12
Convert -8 (base 13) to base 9.
-8
-31 (base 7) to base 3
-211
What is 8 (base 12) in base 10?
8
-7 (base 13) to base 11
-7
What is 1011100 (base 2) in base 3?
10102
Convert 6 (base 10) to base 8.
6
Convert 174 (base 10) to base 5.
1144
Convert 4 (base 10) to base 16.
4
What is -4 (base 14) in base 7?
-4
-22 (base 6) to base 4
-32
Convert 0 (base 7) to base 10.
0
What is 10 (base 6) in base 5?
11
What is -3 (base 13) in base 3?
-10
600 (base 7) to base 9
356
Convert -14 (base 13) to base 10.
-17
Convert -10 (base 7) to base 4.
-13
Convert 10112 (base 3) to base 7.
164
What is -1 (base 4) in base 9?
-1
Convert -111 (base 3) to base 2.
-1101
What is -3 (base 6) in base 16?
-3
What is 1 (base 3) in base 16?
1
What is 10 (base 3) in base 9?
3
18 (base 10) to base 16
12
What is 33 (base 5) in base 16?
12
1 (base 11) to base 3
1
What is 23 (base 8) in base 3?
201
What is -15 (base 10) in base 11?
-14
-88 (base 12) to base 2
-1101000
Convert 51 (base 8) to base 7.
56
Convert -71 (base 15) to base 11.
-97
-5 (base 12) to base 14
-5
What is -5 (base 11) in base 3?
-12
What is -2012 (base 3) in base 12?
-4b
What is -27 (base 9) in base 14?
-1b
1 (base 14) to base 15
1
Convert -220 (base 3) to base 13.
-1b
-1 (base 15) to base 10
-1
-1111011 (base 2) to base 5
-443
What is 11 (base 4) in base 16?
5
What is -6 (base 12) in base 5?
-11
43 (base 13) to base 7
106
Convert -2 (base 14) to base 8.
-2
-1 (base 2) to base 15
-1
-4 (base 6) to base 5
-4
-33 (base 6) to base 3
-210
96 (base 11) to base 3
10220
-11d (base 14) to base 2
-11011111
What is 11 (base 5) in base 6?
10
-2 (base 6) to base 12
-2
What is -20 (base 4) in base 7?
-11
What is 4a (base 13) in base 5?
222
Convert -4 (base 6) to base 4.
-10
21 (base 15) to base 7
43
Convert 343 (base 7) to base 5.
1203
-100101 (base 2) to base 15
-27
What is -24 (base 9) in base 10?
-22
What is 11 (base 3) in base 14?
4
-c (base 16) to base 12
-10
What is 167 (base 14) in base 16?
11f
Convert -24 (base 10) to base 11.
-22
Convert 4 (base 6) to base 8.
4
Convert -12 (base 3) to base 6.
-5
-20 (base 12) to base 6
-40
Convert 2 (base 5) to base 16.
2
Convert 1c (base 14) to base 16.
1a
What is -11 (base 11) in base 2?
-1100
What is 174 (base 8) in base 13?
97
Convert -100 (base 2) to base 10.
-4
156 (base 8) to base 11
a0
7 (base 16) to base 10
7
What is -5 (base 10) in base 15?
-5
What is -6 (base 13) in base 7?
-6
6d (base 15) to base 5
403
What is 101 (base 15) in base 5?
1401
1a (base 11) to base 10
21
220 (base 3) to base 5
44
25 (base 11) to base 9
30
What is -2122 (base 4) in base 10?
-154
What is -3 (base 9) in base 10?
-3
What is -66 (base 15) in base 3?
-10120
What is 124 (base 9) in base 2?
1100111
Convert -a (base 12) to base 13.
-a
-141 (base 7) to base 6
-210
Convert 7d (base 16) to base 7.
236
Convert -2 (base 5) to base 15.
-2
What is 25 (base 14) in base 5?
113
Convert -14 (base 8) to base 5.
-22
What is 1a (base 14) in base 6?
40
-10 (base 3) to base 8
-3
What is 54 (base 7) in base 11?
36
Convert -12 (base 7) to base 10.
-9
2 (base 3) to base 11
2
What is -1 (base 2) in base 14?
-1
-2 (base 6) to base 10
-2
Convert 1 (base 4) to base 11.
1
-c (base 14) to base 8
-14
Convert -43 (base 12) to base 15.
-36
Convert -a (base 16) to base 9.
-11
-14 (base 11) to base 6
-23
-a (base 13) to base 5
-20
Convert -32 (base 7) to base 9.
-25
-2 (base 11) to base 16
-2
Convert 12 (base 10) to base 9.
13
What is 0 (base 3) in base 11?
0
403 (base 7) to base 2
11000111
Convert -6 (base 14) to base 10.
-6
4 (base 5) to base 12
4
Convert -3a (base 12) to base 7.
-64
Convert 56 (base 16) to base 15.
5b
6 (base 9) to base 12
6
What is 60 (base 8) in base 12?
40
Convert -14 (base 8) to base 9.
-13
What is -121 (base 3) in base 8?
-20
151 (base 12) to base 2
11001101
What is 0 (base 9) in base 15?
0
What is 11 (base 3) in base 9?
4
7 (base 15) to base 2
111
What is 11 (base 3) in base 6?
4
-26 (base 10) to base 4
-122
What is -11022 (base 4) in base 16?
-14a
-5 (base 8) to base 7
-5
What is -3 (base 16) in base 5?
-3
Convert 12 (base 7) to base 10.
9
8 (base 15) to base 3
22
What is 1c (base 13) in base 6?
41
What is -7 (base 10) in base 16?
-7
Convert 3 (base 16) to base 12.
3
What is 505 (base 6) in base 3?
20212
20 (base 6) to base 11
11
Convert 4 (base 16) to base 8.
4
-14 (base 6) to base 2
-1010
Convert -12 (base 7) to base 12.
-9
Convert -4 (base 5) to base 12.
-4
Convert -23 (base 11) to base 15.
-1a
Convert -10 (base 4) to base 15.
-4
b (base 15) to base 11
10
-a0 (base 12) to base 5
-440
10010 (base 2) to base 7
24
3 (base 5) to base 10
3
Convert -303 (base 4) to base 7.
-102
Convert -113 (base 5) to base 12.
-29
What is -f (base 16) in base 2?
-1111
-10 (base 2) to base 14
-2
Convert 1 (base 13) to base 3.
1
What is 12 (base 6) in base 15?
8
Convert -c (base 16) to base 7.
-15
Convert 113 (base 5) to base 13.
27
-8a (base 16) to base 11
-116
Convert -13 (base 10) to base 9.
-14
72 (base 16) to base 3
11020
What is 215 (base 6) in base 5?
313
Convert 133 (base 7) to base 5.
243
What is 1 (base 6) in base 7?
1
-1030 (base 4) to base 8
-114
Convert -3 (base 4) to base 9.
-3
12 (base 6) to base 3
22
Convert -21 (base 10) to base 13.
-18
What is 0 (base 8) in base 16?
0
-12 (base 3) to base 6
-5
What is -10 (base 7) in base 15?
-7
What is -3 (base 11) in base 16?
-3
What is -3 (base 15) in base 4?
-3
-26 (base 9) to base 6
-40
Convert 0 (base 13) to base 2.
0
What is -1a (base 13) in base 11?
-21
Convert 40 (base 16) to base 2.
1000000
-311 (base 4) to base 11
-49
-42 (base 6) to base 11
-24
What is -46 (base 11) in base 5?
-200
Convert -6 (base 10) to base 12.
-6
What is -14 (base 11) in base 16?
-f
Convert -11 (base 2) to base 7.
-3
-4 (base 9) to base 8
-4
-4 (base 8) to base 14
-4
-10 (base 10) to base 5
-20
Convert -66 (base 7) to base 6.
-120
-21 (base 6) to base 7
-16
What is 0 (base 11) in base 2?
0
0 (base 7) to base 11
0
-16 (base 16) to base 4
-112
-5c (base 13) to base 8
-115
-29a (base 11) to base 4
-11133
Convert -3 (base 5) to base 10.
-3
Convert -10 (base 3) to base 11.
-3
What is -14 (base 13) in base 2?
-10001
Convert -5 (base 11) to base 3.
-12
What is -d (base 15) in base 13?
-10
Convert -60 (base 9) to base 7.
-105
1 (base 16) to base 4
1
Convert -40 (base 8) to base 7.
-44
What is -b7 (base 16) in base 8?
-267
Convert -3e (base 15) to base 9.
-65
Convert 135 (base 11) to base 12.
113
12 (base 5) to base 6
11
Convert -1201 (base 3) to base 9.
-51
-10 (base 7) to base 16
-7
Convert -5 (base 10) to base 12.
-5
What is 0 (base 14) in base 13?
0
Convert 137 (base 14) to base 11.
203
What is -113 (base 14) in base 9?
-256
Convert -31 (base 6) to base 7.
-25
Convert 15a (base 13) to base 4.
3310
What is -14 (base 11) in base 15?
-10
Convert 2 (base 6) to base 9.
2
-11e (base 15) to base 9
-312
Convert -45 (base 15) to base 9.
-72
2012 (base 4) to base 13
a4
41 (base 12) to base 16
31
3 (base 9) to base 10
3
1a (base 14) to base 16
18
Convert -1 (base 5) to base 6.
-1
Convert 4 (base 5) to base 3.
11
What is 2 (base 11) in base 16?
2
-6 (base 12) to base 8
-6
Convert 20 (base 15) to base 11.
28
What is 29 (base 12) in base 7?
45
Convert -c5 (base 15) to base 10.
-185
163 (base 8) to base 4
1303
Convert 2123 (base 4) to base 8.
233
What is 7 (base 12) in base 11?
7
Convert 12 (base 4) to base 16.
6
-25 (base 6) to base 12
-15
What is 1 (base 11) in base 14?
1
Convert -6 (base 15) to base 16.
-6
3 (base 7) to base 9
3
-2001 (base 4) to base 8
-201
Convert -15 (base 12) to base 11.
-16
What is -3 (base 16) in base 2?
-11
What is 3 (base 8) in base 12?
3
Convert 2 (base 11) to base 12.
2
Convert 12 (base 7) to base 9.
10
-11 (base 16) t